sands digit of 17363?
7
What is the tens digit of 740?
4
What is the tens digit of 2370?
7
What is the units digit of 980?
0
What is the units digit of 9824?
4
What is the units digit of 319?
9
What is the hundreds digit of 101?
1
What is the tens digit of 597?
9
What is the hundreds digit of 5418?
4
What is the hundreds digit of 133743?
7
What is the units digit of 88432?
2
What is the units digit of 3975?
5
What is the thousands digit of 8227?
8
What is the units digit of 6923?
3
What is the tens digit of 188?
8
What is the hundred thousands digit of 102832?
1
What is the ten thousands digit of 105673?
0
What is the tens digit of 215?
1
What is the hundreds digit of 1162?
1
What is the tens digit of 31203?
0
What is the ten thousands digit of 23466?
2
What is the ten thousands digit of 38625?
3
What is the tens digit of 17450?
5
What is the hundreds digit of 33903?
9
What is the tens digit of 11759?
5
What is the hundreds digit of 1194?
1
What is the units digit of 56032?
2
What is the ten thousands digit of 27873?
2
What is the hundreds digit of 442?
4
What is the hundreds digit of 9729?
7
What is the hundreds digit of 582?
5
What is the tens digit of 6911?
1
What is the tens digit of 91532?
3
What is the hundreds digit of 11516?
5
What is the thousands digit of 1177?
1
What is the tens digit of 3031?
3
What is the hundreds digit of 812?
8
What is the units digit of 2242?
2
What is the units digit of 70951?
1
What is the tens digit of 30469?
6
What is the hundreds digit of 3931?
9
What is the units digit of 4477?
7
What is the thousands digit of 35260?
5
What is the thousands digit of 3242?
3
What is the tens digit of 60348?
4
What is the units digit of 2472?
2
What is the hundreds digit of 4435?
4
What is the tens digit of 22?
2
What is the tens digit of 629?
2
What is the hundreds digit of 1210?
2
What is the tens digit of 27997?
9
What is the hundreds digit of 29052?
0
What is the hundreds digit of 1593?
5
What is the hundreds digit of 231?
2
What is the ten thousands digit of 161760?
6
What is the units digit of 3918?
8
What is the tens digit of 907?
0
What is the thousands digit of 1814?
1
What is the thousands digit of 3464?
3
What is the ten thousands digit of 111082?
1
What is the hundreds digit of 1722?
7
What is the tens digit of 24687?
8
What is the hundreds digit of 26662?
6
What is the hundreds digit of 361?
3
What is the hundreds digit of 13872?
8
What is the units digit of 3737?
7
What is the tens digit of 7021?
2
What is the hundreds digit of 877?
8
What is the tens digit of 5526?
2
What is the hundreds digit of 77569?
5
What is the hundreds digit of 864?
8
What is the tens digit of 57523?
2
What is the units digit of 5078?
8
What is the ten thousands digit of 20321?
2
What is the tens digit of 2539?
3
What is the hundreds digit of 923?
9
What is the units digit of 1041?
1
What is the units digit of 1385?
5
What is the units digit of 6825?
5
What is the tens digit of 15146?
4
What is the units digit of 729?
9
What is the thousands digit of 5271?
5
What is the thousands digit of 15421?
5
What is the ten thousands digit of 24562?
2
What is the units digit of 1761?
1
What is the tens digit of 2362?
6
What is the tens digit of 2253?
5
What is the ten thousands digit of 56868?
5
What is the units digit of 341?
1
What is the hundreds digit of 2266?
2
What is the units digit of 4324?
4
What is the thousands digit of 1844?
1
What is the thousands digit of 2394?
2
What is the thousands digit of 17235?
7
What is the tens digit of 46?
4
What is the tens digit of 960?
6
What is the hundreds digit of 2929?
9
What is the hundreds digit of 36901?
9
What is the hundreds digit of 811?
8
What is the thousands digit of 16529?
6
What is the units digit of 80373?
3
What is the hundreds digit of 13763?
7
What is the hundreds digit of 153?
1
What is the tens digit of 33491?
9
What is the tens digit of 584?
8
What is the tens digit of 5311?
1
What is the hundreds digit of 3097?
0
What is the thousands digit of 4663?
4
What is the hundreds digit of 116510?
5
What is the thousands digit of 8483?
8
What is the hundreds digit of 47250?
2
What is the tens digit of 3172?
7
What is the hundreds digit of 6157?
1
What is the tens digit of 1239?
3
What is the thousands digit of 20158?
0
What is the tens digit of 13802?
0
What is the thousands digit of 3318?
3
What is the thousands digit of 1838?
1
What is the units digit of 41465?
5
What is the thousands digit of 55802?
5
What is the ten thousands digit of 14241?
1
What is the hundreds digit of 2654?
6
What is the hundreds digit of 1059?
0
What is the thousands digit of 6988?
6
What is the hundreds digit of 13549?
5
What is the hundreds digit of 14799?
7
What is the tens digit of 3908?
0
What is the tens digit of 1964?
6
What is the units digit of 127?
7
What is the hundreds digit of 545?
5
What is the units digit of 35?
5
What is the units digit of 16205?
5
What is the tens digit of 584?
8
What is the tens digit of 1006?
0
What is the hundreds digit of 2020?
0
What is the thousands digit of 1489?
1
What is the units digit of 10433?
3
What is the tens digit of 46940?
4
What is the tens digit of 1198?
9
What is the tens digit of 44567?
6
What is the tens digit of 907?
0
What is the units digit of 547?
7
What is the units digit of 16901?
1
What is the hundreds digit of 1125?
1
What is the thousands digit of 6687?
6
What is the thousands digit of 24730?
4
What is the units digit of 6899?
9
What is the thousands digit of 75117?
5
What is the tens digit of 8668?
6
What is the thousands digit of 26606?
6
What is the hundreds digit of 742?
7
What is the hundreds digit of 35490?
4
What is the units digit of 81?
1
What is the units digit of 650?
0
What is the units digit of 50486?
6
What is the hundreds digit of 812?
8
What is the units digit of 1195?
5
What is the thousands digit of 1014?
1
What is the hundreds digit of 1725?
7
What is the tens digit of 110049?
4
What is the units digit of 403?
3
What is the tens digit of 104623?
2
What is the tens digit of 24434?
3
What is the units digit of 16848?
8
What is the tens digit of 2108?
0
What is the units digit of 785?
5
What is the hundreds digit of 967?
9
What is the units digit of 6547?
7
What is the hundreds digit of 1341?
3
What is the units digit of 3276?
6
What is the hundreds digit of 72034?
0
What is the tens digit of 1557?
5
What is the hundreds digit of 7978?
9
What is the tens digit of 32565?
6
What is the thousands digit of 1042?
1
What is the units digit of 1424?
4
What is the tens digit of 3301?
0
What is the tens digit of 6130?
3
What is the thousands digit of 11218?
1
What is the tens digit of 611?
1
What is the tens digit of 611?
1
What is the hundreds digit of 27004?
0
What is the units digit of 31383?
3
What is the thousands digit of 23585?
3
What is the hundreds digit of 338?
3
What is the thousands digit of 54778?
4
What is the hundreds digit of 962?
9
What is the ten thousands digit of 15632?
1
What is the tens digit of 1095?
9
What is the hundreds digit of 1072?
0
What is the units digit of 81?
1
What is the ten thousands digit of 53424?
5
What is the hundreds digit of 1023?
0
What is the hundreds digit of 2389?
3
What is the units digit of 14278?
8
What is the tens digit of 589?
8
What is the tens digit of 817?
1
What is the ten thousands digit of 95361?
9
What is the thousands digit of 36220?
6
What is the thousands digit of 14383?
4
What is the ten thousands digit of 24445?
2
What is the units digit of 905?
5
What is the units digit of 52199?
9
What is the hundreds digit of 2783?
7
What is the units digit of 972?
2
What is the thousands digit of 77693?
7
What is the tens digit of 6574?
7
What is the thousands digit of 99115?
9
What is the ten thousands digit of 16646?
1
What is the ten thousands digit of 90445?
9
What is the hundreds digit of 265?
2
What is the tens digit of 1846?
4
What is the hundreds digit of 1601?
6
What is the units digit of 4934?
4
What is the units digit of 1009?
9
What is the hundreds digit of 1118?
1
What is the tens digit of 178?
7
What is the hundreds digit of 2624?
6
What is the ten thousands digit of 16381?
1
What is the tens digit of 23830?
3
What is the hundreds digit of 522?
5
What is the units digit of 1